be t(v). Let p(r) = -r**3 - 5*r**2 - 7*r - 6. What is p(n)?
6
Let c(t) = -3*t. Let i be c(2). Suppose -27*f = -602 - 451. Let h(q) = -32 + 71 + q**2 - f + 5*q. Give h(i).
6
Let n(o) = o**3 + 7*o**2 + 5*o + 103. Suppose 16*x + 42 = -86. Let v be n(x). Let k(y) = -3*y + 3*y + 9*y. Determine k(v).
-9
Let f(c) = -5*c - 110. Let l be f(-20). Let z(v) = -8*v - 25. What is z(l)?
55
Let y(r) = -r**2 - 4*r - 2. Let w(i) = -4*i**2 - 13*i - 7. Let q(z) = 2*w(z) - 7*y(z). Suppose 2312 = -23*j + 40*j. Suppose -j = -15*s - 76. Determine q(s).
-8
Let t(j) = -5*j**2 - 14039*j**3 + 14040*j**3 - 9*j**2 + j**2 - 10 + 2*j**2. Let s = 20 + -9. Let r be t(s). Let v(x) = -x - 11. Calculate v(r).
-1
Let m(g) = 3*g**2 + 10*g - 17. Let q(i) = 8*i**2 + 14*i - 32. Let a(v) = 10*m(v) - 4*q(v). Give a(22).
-42
Let f(v) = v**3 - 1. Let p = 233 - 236. Let n(m) = -4*m**3 - 4*m**2 - 3*m + 1. Let t(g) = p*f(g) - n(g). Let l(s) = s + 1. Let z be l(-4). Give t(z).
2
Let o(j) be the second derivative of -j**5/15 - j**4/12 + j**3/3 - 69*j**2/2 - 13*j. Let y(z) be the first derivative of o(z). What is y(-2)?
-10
Let y be 3 - (-2 + 2)/(-2). Let r(m) be the third derivative of -m**4/24 + 7*m**2 - 168*m. Determine r(y).
-3
Let j(z) = z**2 + 28*z + 68. Let w be j(-17). Let m = 115 + w. Let a(f) = -f**2 - 2*f + 2. What is a(m)?
-6
Let a(g) be the third derivative of -g**4/3 + 23*g**3/6 - 4757*g**2 + 2. Give a(2).
7
Let i(x) = -x**2 + 6 + 29021*x + x**3 + 5*x**2 - 29021*x. Determine i(-6).
-66
Let d(a) = 1 - a**2 + 2*a**2 - 7*a + 0. Suppose 3*w + 5 = 4*g - 22, 23 = 3*g - 5*w. Calculate d(g).
-5
Let q(a) = 3*a - 49. Let n(p) = 41*p - 1577. Let z be n(39). Determine q(z).
17
Let w(n) = -6*n**3 - 92*n**2 + 8. Let d(q) = 7*q**3 + 77*q**2 + q - 6. Let f(r) = -6*d(r) - 5*w(r). Determine f(-1).
12
Suppose 61667 = 28*b + 61527. Let n(d) = -5*d**2 - 8*d - 5*d**3 + 7*d**2 + 4*d**3 + 3*d**2 + 5. Calculate n(b).
-35
Let n = -453 + 455. Let r(t) = -3 + 4*t**2 + 7*t**2 + 6*t - t**2 - 4*t**n + 2 - t**3. What is r(7)?
-8
Let d(t) be the second derivative of -t**4/12 + 2*t**3/3 + 433*t. Let r(k) = 5*k**2 - 2*k + 2. Let q be r(1). Determine d(q).
-5
Let q be (-12)/(-42) - (-18)/(-14). Let b(i) = i**3 + 7*i**2 - 4*i - 1. Let v(p) = p**2 - p - 1. Let f(s) = q*b(s) + 5*v(s). Determine f(0).
-4
Let g(v) = 3*v**3 - 50*v**2 - 66*v - 61. Let i(s) = -s**3 + 17*s**2 + 23*s + 20. Let l(k) = -3*g(k) - 8*i(k). Determine l(15).
8
Let y(m) be the first derivative of -m**4/4 - 11*m**3/3 - 9*m**2/2 + 8*m - 99. Let r(q) = -9*q**3 + q**2 - 6*q + 4. Let b be r(1). Determine y(b).
-2
Let y(a) = -31*a - 51. Let t be y(-3). Let b be (-2)/(-12) + (-133)/t. Let l(i) = -i**3 - 4*i**2 - 2*i - 2. What is l(b)?
-5
Let y = -3951 + 3943. Let t(x) = -x**2 - 9*x + 7. Give t(y).
15
Let g = -2963 - -2966. Let s(x) = -7*x + 31. What is s(g)?
10
Let r(y) = 197*y + 117. Let b(n) = -109*n - 58. Let a(j) = 9*b(j) + 5*r(j). Give a(-11).
19
Let s = -24214 - -98283. Let i(a) = 2*a - 74069 + s. Suppose -3*r = -5 - 1. Give i(r).
4
Let t = 17400 - 17398. Let s(n) = -2*n**2 + 5*n - 3. Determine s(t).
-1
Let d(p) be the first derivative of p**4/4 - 4*p**3/3 + 3*p**2/2 + 9*p - 338. Give d(3).
9
Let b be (2 + -2)/(4/4). Let m(w) = -w + b + 2 - 6 + 1. What is m(-5)?
2
Suppose 186 - 178 = -4*p. Let u(n) = -32*n - 1. What is u(p)?
63
Let k be (-6)/(-5)*(-1870)/(-44). Suppose 8*s + 35 - k = 0. Let z(f) = 7*f**2 - 3*f + 3. Determine z(s).
25
Let z(w) = 47*w**2 - 5*w + 2. Let t(p) = 118*p**2 - 16*p + 4. Let a(m) = -2*t(m) + 5*z(m). Let k = 7 + 0. Calculate a(k).
2
Let q(l) = -6*l**2 + 5 - l**3 - 12 + 13 + 0*l**2. Let i(w) = w**3 + 3*w**2 - 6*w - 14. Let a be i(-4). Calculate q(a).
6
Let u be (2*(-515)/15)/(3/9). Let c = 208 + u. Let d(v) = 2*v - 1. Give d(c).
3
Suppose 0 = 3*o + 12, -4*o - 19 = -u - 2. Let z(k) = k**2 - 3 + 1 + u - 4 - 2*k. Calculate z(0).
-5
Let m(t) = t - 14. Suppose -7*a = 20*a - 513. Suppose a*q = 20*q + 3*s - 27, -4*q - s + 53 = 0. Give m(q).
-2
Let z = 1541 - 1527. Let u(r) = 7*r**3 - 30*r**2 + 31*r + 37. Let l(y) = -3*y**3 + 15*y**2 - 15*y - 18. Let o(f) = 5*l(f) + 2*u(f). What is o(z)?
-2
Let g(p) = -3*p - 7. Let s be g(3). Let b(y) = -17*y**2 + 11*y + 16. Let z(r) = 3*r**2 + r + 1. Let f(d) = b(d) + 6*z(d). Give f(s).
6
Let j(q) = 63*q**2 - 378*q + 2. Let h be j(6). Let z(n) be the first derivative of 3/2*n**h - 3/4*n**4 + 0*n**3 - n - 2. Determine z(2).
-19
Suppose 0 = -2*q + m - 1, -4*q - 2*m = -3*m - 1. Suppose -5*u = 3*h + 19, -2*h - 6*u - q = -5*u. Let i(k) = -3*k. What is i(h)?
-6
Let q(y) = -y**3 + 4*y**2 + 6*y + 1. Let i be q(5). Suppose i*r = r - 5. Let h(z) = 1 - 1 + 1150800*z - 1150809*z - 1. Give h(r).
8
Let g be -2 + 4/(4/9). Let s(h) = -12*h**3 + 9*h**2 - 2*h + 28. Let u(j) = -5*j**3 + 5*j**2 - j + 13. Let w(i) = 2*s(i) - 5*u(i). Determine w(g).
-2
Suppose -4246 + 214 = -8*w. Let p be w/45*15/6. Let o = -29 + p. Let d(y) = -y**2. What is d(o)?
-1
Let k be (1 + (2 - 4))/1. Let w(v) = 20*v + 19. Let n be w(k). Let b(z) = 5*z**3 - z**2 - z. What is b(n)?
-5
Let x = 183 + -181. Let p(y) be the second derivative of 21*y + 2*y**x - 1/6*y**3 + 0. What is p(6)?
-2
Let v(d) = -d**2 + 14*d - 16. Let o be v(7). Suppose o = -21*s - 30. Let i(a) = a - 2. Determine i(s).
-5
Let u(q) = 20*q**3 + 10*q**2 + 16*q + 20. Let j(l) = 4*l**3 + 2*l**2 + 3*l + 4. Let p(i) = 16*j(i) - 3*u(i). Determine p(-2).
-20
Let p(j) be the third derivative of j**6/60 - 13*j**5/60 + 11*j**4/24 - 13*j**3/3 + 4*j**2 + 3. Let h be p(6). Let g(s) = -3*s + 4. What is g(h)?
-8
Let j(h) = 7*h - 17. Let a(x) = 126*x - 885. Let s be a(7). Give j(s).
-38
Let a(x) = -x**3 - 5*x**2 + 6*x + 4. Let w be a(-6). Suppose 0 = -5*n + 4*m + 40 + 10, -2*n = w*m + 8. Let c(h) = 0*h - 2 + 3*h + n - 5. Determine c(-4).
-13
Let k = 1541 + -915. Let o(u) = 3*u**2 - 33*u. Let l be o(11). Let r(z) = 629 + l*z - k + z. What is r(3)?
6
Let x be 6/(-4)*(-24)/(-36) + 19. Let d be 8/48 - 93/x. Let r(z) = 2*z**2 + 6*z - 1. Calculate r(d).
19
Let g(h) = -2*h**2 - h - 1. Let z(u) be the third derivative of u**5/15 - 7*u**4/24 - 2*u**3/3 + 94*u**2. Let t be z(2). Calculate g(t).
-7
Let m(o) = -2*o**2 + 160*o + 8. Let k be m(80). Let z(j) = j**2 - 11*j + 11. Calculate z(k).
-13
Let w = 0 + 93. Let l(b) = -b + 46 + 0*b + 46 - w. Determine l(-8).
7
Let p(d) = d**3 + 28*d**2 + 389357 - 13*d - 27*d**2 - 389355. Calculate p(-4).
6
Let n(x) = -6*x**2 + 16*x - 41. Let h(u) = u**2 - u + 1. Let o(d) = 5*h(d) + n(d). Determine o(6).
-6
Let t be 20/6*(-24)/10. Let b(o) = -3*o**2 + 6*o - 47. Let a(l) = 11*l**2 - 19*l + 159. Let h(u) = 2*a(u) + 7*b(u). Give h(t).
21
Let l(r) = -1259*r - 7552. Let o be l(-6). Let y(j) be the first derivative of -o*j - 1/2*j**2 - 1/4*j**4 + 31 + j**3. What is y(3)?
-5
Let i(b) = 11*b**2 - 46*b + 196. Let k(c) = -9*c**2 + 51*c - 203. Let p(j) = 5*i(j) + 6*k(j). Determine p(3).
-1
Let z(r) = -43*r - 41 - 35*r**2 + 7 + 49 + 36*r**2. Determine z(42).
-27
Let p be (-1)/(-6)*0*((-54)/(-6))/(-9). Let x(n) = -n**3 + 3*n - 5. Give x(p).
-5
Let n(l) = l**3 - 8*l**2 + 5*l + 7. Suppose 20*z = -19*z + 156. Suppose 0 = z*j - 3*w - 9, -w - 6 = -2*j + 1. Give n(j).
-35
Let u(s) = s**3 - 120*s**2 - 1163*s + 259. Let t be u(129). Let v(c) = -9*c**2 + 6*c - 1. Determine v(t).
-4
Let q(y) = 2*y**3 + 10*y**2 + y - 5. Let z(u) = -u**3 - 5*u**2 - u + 3. Let w(x) = -8*x - 10. Let d be w(-2). Let v(k) = d*q(k) + 11*z(k). Calculate v(-6).
-3
Suppose -5*s + 1 = -5*h - 4, 0 = 2*s - 4*h + 2. Let l(j) = s*j - 6*j - 2*j**2 + 2 + 5*j**2 - j**3. Let b be (-342)/(-1881) + 40/22. Determine l(b).
0
Let d(f) = 47*f + 74. Let t(l) = 135*l + 221. Let h(a) = -17*d(a) + 6*t(a). What is h(-6)?
2
Let o(n) be the second derivative of -n**4/12 - 5*n**3/3 - 3*n**2 + 365*n. Let b = 23 + -4. Suppose -v + 20 = -3*z, -3*z = -0*z - 2*v + b. Calculate o(z).
15
Suppose 3*k - 8 = k. Let y(j) be the first derivative of -j**4/4 + 5*j**3/3 + 3*j + 620. What is y(k)?
19
Let t(y) = -y + 1. Let u be t(2). Let p(r) = -3203 - 2*r - 3206 + 0*r + 6409. Give p(u).
2
Let v(x) be the first derivative of -2*x**3/3 + 26*x**2 + 49*x + 2944. What is v(27)?
-5
Let f(q) be the third derivative of 7*q**4/24 + q**2. Let n be 87/580 - 299/260. Determine f(n).
-7
Suppose 1 - 7 = -5*u - 4*n, -2*n + 6 = 4*u. Let h(j) = 4*j - 1. Let v(s) = s**2 + s -